prime factors of p?
2, 3
Suppose 4*k + 8*c - 3*c + 2 = 0, -2 = c. Suppose -i = i - k. Let w = i - -2. List the prime factors of w.
3
Let k(a) = 3*a**2 + 7*a + 8. Let b be k(-3). What are the prime factors of 103/2 + 21/b?
53
Suppose 0 = -4*o + 2*o. Let q(l) = -l**3 - l + 18. What are the prime factors of q(o)?
2, 3
Let s be (-7)/21 + (-431)/3. List the prime factors of (-2)/7 - s/14.
2, 5
Let b = -28 + 17. Let f = 25 + b. Suppose 0 = -4*i - 2*p + 3*p + 65, -i + f = -p. What are the prime factors of i?
17
Suppose -b + 0*b = -6. Let v(r) = r**2 - 6*r + 3. Let i be v(b). Suppose 0 = i*l - 5 - 31. List the prime factors of l.
2, 3
Let s = 55 + 152. What are the prime factors of s?
3, 23
Let d = 11 - 0. What are the prime factors of d?
11
Let q = -3 - -45. What are the prime factors of q?
2, 3, 7
Let m(o) = -o**2 - 9*o + 4. List the prime factors of m(-8).
2, 3
Let f(x) = -4*x - 6. Let l be f(-3). Suppose 4*k + 34 = l*k. What are the prime factors of k?
17
Let d(t) be the third derivative of t**6/120 + t**5/6 + 5*t**4/24 + 7*t**3/6 - 5*t**2. List the prime factors of d(-9).
43
Suppose 2470 = 5*t - 3245. Suppose 0 = -5*x + 93 - t. What are the prime factors of 4/(-14) + x/(-49)?
2
Let q(s) = -6*s + 4. Let o be q(3). Let r = -10 - o. Suppose r*v - 48 = -5*i, 4*i + 11 = 5*v - 8. What are the prime factors of v?
7
Suppose 2*k = -5*v + 59, k = -2*v - 4 + 32. Let o = 10 - 17. Let m = k + o. What are the prime factors of m?
3, 5
Let a = -7 - -10. What are the prime factors of 2 + a + 0 + -1?
2
List the prime factors of 1000/24 - (-2)/(-3).
41
Let b(s) = 3*s**2 - 6*s + 1. What are the prime factors of b(4)?
5
Suppose 5*q = -2*d + 671, q + 2*d = 4*d + 139. List the prime factors of q.
3, 5
List the prime factors of (-1)/1 + (102 - 10).
7, 13
Suppose 2 = -w, 2*w + 7 = -c + 1. Let o = 2 - c. Suppose o*y = y + 33. What are the prime factors of y?
11
Let s(f) = -f - 1. Let y be s(-2). Let t(h) = 2*h**2 - 2*h + 1. Let i be t(y). Let z = i + 13. List the prime factors of z.
2, 7
Suppose -3*a = -5*a. Suppose -4*l + 16 = a, -5*x + 5*l + 16 = -29. List the prime factors of x.
13
Let w = 6 - 4. Suppose -2*n + 6 = n + w*r, 4*r = -3*n. Suppose -d = 3, -n*h - 5*d + 2 = -31. What are the prime factors of h?
2, 3
Let i = 6 + -2. Suppose -4*w - 8 = -4*o + 3*o, 4*w + i*o = 12. Let a = 10 + w. What are the prime factors of a?
3
Suppose 363 = 3*s - 4*s. Let b be (-2)/6 - s/9. Suppose 3*t - 2*k - b = -8, -3*t + 27 = 3*k. List the prime factors of t.
2, 5
Suppose -3*a + t + 41 = 2*t, 4*t + 31 = a. What are the prime factors of a?
3, 5
Let n(i) = 6*i**2 - 9*i - 18. List the prime factors of n(-6).
2, 3, 7
Suppose -2*j + j = 2. Let u(g) be the third derivative of 7*g**5/60 + g**4/8 - 2*g**2. What are the prime factors of u(j)?
2, 11
Let w(q) = q**2 + 4*q - 5. Let k be (-1)/4 + (-114)/24. Let m be w(k). What are the prime factors of -2*(m - 15/6)?
5
Let w(q) = -14*q + 5. What are the prime factors of w(-7)?
103
Suppose 60 = -3*x + 5*x. Let g = -48 + x. Let f = -5 - g. List the prime factors of f.
13
List the prime factors of (-1)/(-2) - 250/(-20).
13
Suppose -p + 5*p = 12. What are the prime factors of p?
3
Let a(x) = -1. Let d(h) = 2*h - 10. Let t(g) = -12*a(g) + d(g). Let s be t(4). Let v(q) = q**2 - 9*q + 4. What are the prime factors of v(s)?
2, 7
Suppose v + 0 = 1. Let i = 12 - 4. List the prime factors of v/(-2) - (-76)/i.
3
Let n(d) = 4*d + 13. Suppose 0*y = -5*y + 45. List the prime factors of n(y).
7
What are the prime factors of ((-4)/((-16)/20) - 3) + 362?
2, 7, 13
Suppose 11*y - 6*y = -l - 1, l = -y + 3. Suppose -3*x - 18 = 5*p + 7, l*p + 20 = -x. Let m = 7 + p. What are the prime factors of m?
2
Let z = -3 - -5. Suppose -3*y + 4 = -z. Suppose -42 = -5*j + y*j. List the prime factors of j.
2, 7
Let y = 1 + 1. Suppose 0*k - 18 = -y*k. Suppose 2*t = 2, 2*a + 0 = t + k. What are the prime factors of a?
5
Let p = 30 + -15. Let x = 4 + p. What are the prime factors of x?
19
Let a = -117 - -152. List the prime factors of a.
5, 7
Suppose 1 - 5 = -w. Suppose 0 = -4*k + w - 16, -j = -4*k - 30. What are the prime factors of j?
2, 3
Let y = -4 + 20. List the prime factors of y.
2
Suppose 0*m - 2*m = 0. Let t(l) = 10*l**2 + 3*l + 1. Let z be t(-2). Suppose -5*y = -m*y - z. List the prime factors of y.
7
Let r = 81 - 49. List the prime factors of r.
2
Let a = 48 - 387. What are the prime factors of a/(-18) - (-6)/36?
19
Let u = -11 - -15. Suppose -u*h + 27 = -h. List the prime factors of 4 + -2 + h*1.
11
Let f(n) = -n**2 + 2*n + 13. List the prime factors of f(4).
5
Suppose -2*a = -a. Let k(s) = -2 - 3*s + 2*s + a*s + 0. What are the prime factors of k(-6)?
2
Let p(f) = -2*f**3 - 6*f**2 + 14. What are the prime factors of p(-5)?
2, 3, 19
Let b = 2 + 19. List the prime factors of b.
3, 7
Let j = -4 - -34. What are the prime factors of j?
2, 3, 5
Let h(x) = -x**3 + 5*x**2 - 2*x. Let r be h(4). Suppose 0 = -4*m + r + 96. What are the prime factors of m?
2, 13
Suppose -r = 4*p - 0*p - 15, 0 = -r - 2*p + 25. What are the prime factors of r?
5, 7
Suppose -o + n = -2*o - 8, -3*o - 4*n - 29 = 0. Let t = o + 5. List the prime factors of t.
2
Let q = 43 - -134. List the prime factors of q.
3, 59
Let x be 0/(-5) + 0/(-1). Suppose -2*h - 3*h + 40 = x. List the prime factors of h.
2
Suppose 20 - 328 = -2*a - 2*g, 5*a - 5*g - 730 = 0. List the prime factors of a.
2, 3, 5
Let q = 5 + 20. Suppose b + 3*f = 3*b - q, 4*b + 3*f - 23 = 0. List the prime factors of 190/b - 21/28.
23
Suppose -t = 5*j - 114, -52 = -4*j - t + 39. List the prime factors of j.
23
Let j = 7 - 5. What are the prime factors of 44 + (-3)/(6/j)?
43
Suppose 0 = -0*r - 7*r + 175. List the prime factors of r.
5
Let b be (-1)/((2/(-24))/1). Suppose -8 = -2*o + b. List the prime factors of o.
2, 5
Let w(b) = 2*b**2 + 2*b - 22. What are the prime factors of w(-7)?
2, 31
What are the prime factors of 30/(-9)*(-66)/5?
2, 11
Let h(q) be the first derivative of -q**2 - 2*q + 2. Let p be h(-4). Suppose n - p*n + 55 = 0. What are the prime factors of n?
11
Suppose 0 = 5*t - 4*u + 3*u - 180, 0 = t - 3*u - 50. List the prime factors of t.
5, 7
Let w(v) = -v**3 - 8*v**2 - 8*v + 4. Suppose 5*p - 2*p + 21 = 0. List the prime factors of w(p).
11
Suppose 0 = -10*l + 11*l - 11. List the prime factors of l.
11
List the prime factors of 1/((-4)/1146*3/(-2)).
191
Suppose -4*c + 284 + 592 = 0. What are the prime factors of c?
3, 73
Let a be (-1)/(-1 + 2) + 0. Suppose -4*f - 13 = -89. List the prime factors of a/(-2)*(-1 + f).
3
Let s = 17 - 57. Let t be s/(-6)*12/5. Let k = 26 - t. List the prime factors of k.
2, 5
Let s be ((-40)/6)/(6/(-18)). Let r = 7 + s. List the prime factors of r.
3
Let v = -25 - -28. List the prime factors of 10/((4 - v)*1).
2, 5
Let q(b) = b**2 - 5. Suppose -f + 4*f + 3*u - 12 = 0, 2*f = 5*u - 20. Suppose 5*l + 4*g - 2 + 18 = f, -2*l = 5*g + 3. List the prime factors of q(l).
11
Let l(d) be the third derivative of d**8/20160 - d**7/5040 + d**6/45 - d**5/60 + d**2. Let p(u) be the third derivative of l(u). List the prime factors of p(0).
2
Suppose f + f + 34 = 0. Let q = -9 - f. List the prime factors of q.
2
Let f = 0 + -3. Let q be f/4 - (-474)/24. Let m = q + -4. List the prime factors of m.
3, 5
Let o be (1 - -2)/(5 + -2). What are the prime factors of (o - 2) + 1*12?
11
Suppose -5*h - 3 = -2*o, 8 + 13 = 5*h + 4*o. List the prime factors of 28/3 + h/(-3).
3
Let g(k) = -k**2 + 30. Let h be (0 - (2 + -2))/(-1). List the prime factors of g(h).
2, 3, 5
Let o = -7 - -12. Let a be 3 - -4*o/(-2). What are the prime factors of 8/(-1 - a/5)?
2, 5
Suppose 0 = 5*b - 20, -v + 2*b - 53 = 2*v. List the prime factors of -2*v/6 - 2.
3
Let l(z) = 24*z**2 - 5*z - 7. List the prime factors of l(-2).
3, 11
Suppose 3*v - v = 12. Let s be 9/5 + 1/5. Suppose -v*u + s*u + 48 = 0. List the prime factors of u.
2, 3
Suppose -915 = 13*y - 2774. List the prime factors of y.
11, 13
Let n(q) = -2*q - 9. Let o be n(-11). Let l = o + -10. Suppose 2*f + h = 4*h + 32, l*f = -5*h + 10. List the prime factors of f.
2, 5
List the prime factors of ((-1372)/(-20))/1 - 8/(-20).
3, 23
Suppose 0 = -2*p + 4*y, -3*p + 44 = y + 4*y. What are the prime factors of p?
2
List the prime factors of 25 + 4 + (1 - 2).
2, 7
Suppose -s + 5 = 4*s. Let f = 10 + s. What are th